, -h = -3*d + 5*p. Calculate the greatest common divisor of 228 and d.
12
Let p(v) be the first derivative of -3*v**4/4 - v**2/2 + v + 154. Let b be p(-2). Calculate the highest common divisor of b and 9.
9
Let s be 63/(-6)*-2 - -2. Let x = 386 + -271. Let u be ((-8)/10 + (5 - 3))*x. What is the highest common divisor of s and u?
23
Let k be ((-105)/20)/((-3)/20). Let g be ((-7)/(k/(-6)))/((-1)/(-75)). Calculate the highest common factor of g and 10.
10
Let q be 2/4*(10 - 2). Suppose -t + 3*o = -2, -2*o + 24 = q*t + 2*o. Suppose -90 = t*w - 270. Calculate the greatest common factor of 54 and w.
18
Suppose 59*o - 13*o = 7452. Let r(x) = -4*x + 2. Let z be r(-1). Let q(m) = 2*m**2 - 9*m. Let k be q(z). Calculate the greatest common divisor of o and k.
18
Suppose 2*v = -4*c + 204, -4*v - 3*c = v - 517. Let o = 111 - v. What is the greatest common divisor of 7 and o?
7
Let w(r) be the first derivative of -3*r**2/2 + 81*r + 56. Let p be w(26). Calculate the greatest common divisor of p and 81.
3
Suppose 0 = n - y - 12 + 1, n + 2*y = 8. Let t = 289 + -129. What is the greatest common divisor of t and n?
10
Let p(y) = -6*y - 12. Let m be 8/(-4) - (20 + -1 + -2). Let x be p(m). Let u be x/(-6)*(-1 + 0). What is the greatest common divisor of u and 136?
17
Suppose 11 = -q + 82. Let b be q/5 - (-23)/(-115). What is the highest common factor of 238 and b?
14
Let s = 877 - 701. What is the greatest common divisor of s and 112?
16
Let h be 0 - 1/((-21)/2464)*9. Calculate the greatest common factor of 198 and h.
66
Let j be (17/2 - 1)*816/(-72). Let n = j + 94. Let r(l) = 6*l + 30. Let t be r(n). What is the greatest common factor of t and 12?
12
Let n be (6 + 9 - 8) + 117. Calculate the greatest common divisor of 4650 and n.
62
Let c be 3*(5/(-3) + (-2)/3). Let m be (-24)/c + 45/(-105). Calculate the highest common factor of 3 and m.
3
Let j(v) be the first derivative of v**2 - 17*v - 9. Let h be j(12). Suppose 3*q - 190 = -h*q. What is the greatest common divisor of 19 and q?
19
Let t(b) be the second derivative of 0 + 18*b - 67/6*b**3 + 3/2*b**2. Let k be t(-1). Calculate the highest common divisor of k and 14.
14
Let q = 87 - -174. Suppose 286 = 4*b - 2*u, -5*b + 100 + q = u. Calculate the highest common divisor of b and 12.
12
Suppose -51315 - 19346 = -78*l + 30349. What is the highest common divisor of l and 15?
5
Let b be 22 + (4 - (0 - -5)). Let j be (-252)/(-8) - 35/(-10). Calculate the greatest common factor of b and j.
7
Let x(v) = 16*v**2 + 3*v - 3. Let y be x(1). Let p = y - 16. Suppose n + p*n + 5*o - 263 = 0, n - 5*o = 283. Calculate the greatest common divisor of 39 and n.
39
Let g = 296 - 292. Let y be 0 + g/30 - 5798/(-390). Calculate the greatest common factor of 15 and y.
15
Let v = 99 + -99. Suppose v = -10*f + 5*f + 920. Suppose -24 - 45 = -3*r. What is the greatest common divisor of r and f?
23
Let p = -5767 + 11102. What is the greatest common divisor of p and 110?
55
Suppose -9024*y - 47647 = -9055*y. Calculate the greatest common divisor of 145 and y.
29
Let r(y) = -4*y**2 + 6*y - 14. Suppose -25 = -5*u - 15. Let h be r(u). Let t be ((-24)/h)/(1/156). Calculate the greatest common divisor of 13 and t.
13
Suppose -2*j + 5*q + 8 = -1, -3*q = -3. Let h = 36 - j. Suppose 132 = -26*b + h*b. What is the highest common factor of 154 and b?
22
Let d = -2 - -5. Suppose -10 = -2*t - 4*w, -37*t + 38*t - 4*w = -7. Let g be t + 118/14 + (-45)/105. What is the greatest common divisor of d and g?
3
Let r be 3 - ((-4)/10 + (-160)/100). Suppose 0 = -2*d, -4*f + r*d + 173 = -607. What is the greatest common divisor of 325 and f?
65
Suppose -2*i + 3*i - 143 = 0. Suppose -252*g + 80 + 1866 + 826 = 0. Calculate the greatest common divisor of i and g.
11
Suppose 2*n = 3*p - 2, 7*n - 2*n + 2*p - 33 = 0. Suppose 6 = n*t + 1. What is the highest common factor of 3 and t?
1
Let x = 47 + 349. Suppose 8*d - x = -2*y + 4*d, 3*d = 5*y - 925. Calculate the highest common factor of y and 141.
47
Let y(h) = -89*h**3 + 3*h**2 - 4. Suppose 5*b + 6 = -4*q, 0 = -2*b + 3*q + 2*q - 9. Let z be y(b). What is the highest common divisor of 45 and z?
45
Let c be 24/(-2*9/(-48)) + 378 + -386. What is the highest common divisor of c and 1351?
7
Suppose 2*l + 5*b = 566, b - 15 = -17. What is the greatest common factor of 108 and l?
36
Suppose c = 3*q + 6*c - 653, 5*c = 5*q - 1035. Let p = q + -204. Calculate the highest common divisor of p and 301.
7
Let x = -9835 + 9847. What is the highest common factor of 40236 and x?
12
Suppose 3*r = -4*z + 9, z + z = 2*r - 6. Suppose -111 = -r*v + 9. Calculate the greatest common divisor of v and 140.
20
Suppose -29*l + 57*l = -28. Let p(z) = -19*z - 14. Let f be p(l). Calculate the highest common divisor of 115 and f.
5
Let z(u) = u - 9. Let q be (2/4 - 0)*10. Let f be z(q). Let j(a) = -7*a - 14. Let b be j(f). Calculate the greatest common divisor of b and 112.
14
Let v be (-110)/(-33)*(-9)/(-6). Let s be v + 35/(-5) - -184. Calculate the greatest common divisor of s and 26.
26
Let t(h) = -5*h**2 - 71*h + 70. Let b be t(-15). What is the greatest common factor of b and 58?
2
Let h = -2441 + 2657. Calculate the highest common factor of 744 and h.
24
Let q(w) = -231*w - 682. Let h be q(-13). What is the highest common divisor of h and 11?
11
Let i = -1514 + 2060. What is the highest common factor of i and 126?
42
Let l = -1366 - -1746. What is the highest common divisor of 304 and l?
76
Let r = 1537 - -5469. Suppose 6606 - r = -8*c. Let t be 20/6*12*1. What is the greatest common divisor of t and c?
10
Let f be (0 + -88)*(-30 - 175/(-100)). What is the greatest common divisor of f and 339?
113
Suppose w = 5*p + 8, 4*p = 2*p + 2. What is the greatest common factor of w and 1846?
13
Suppose 2*a - 19 = 3*l, -80*a - 5*l - 13 = -82*a. Let p be 25 + a*9/(-18). Calculate the highest common divisor of p and 36.
18
Let n(y) = -y**3 - 6*y**2 - 6*y - 3. Let o be n(-6). Let g = 9994 + -9988. Calculate the highest common factor of g and o.
3
Let a = -13 - -32. Let u = -38800 + 38819. What is the greatest common divisor of a and u?
19
Let y be 56/(-12) + 4 + 51/9. Calculate the highest common factor of 290 and y.
5
Suppose -2*j - 2*m = -j + 36, 3*m = 9. Let y = j + 25. Let w = 29 + y. What is the greatest common divisor of 8 and w?
4
Suppose q = 2 + 9. Suppose -16*a = -28*a - 24. Let x = a + q. What is the greatest common factor of x and 9?
9
Let r(k) be the second derivative of -1/12*k**4 + 4*k + 0 + 1/2*k**2 + 5/6*k**3. Let v be r(3). What is the highest common factor of 14 and v?
7
Suppose 0 = 383*n - 6067 - 14615. Calculate the greatest common divisor of 1794 and n.
6
Suppose 34*j - 176 = 1087 - 141. What is the highest common divisor of j and 5346?
33
Suppose -20508 = -42*o + 4482. What is the highest common divisor of o and 255?
85
Suppose 0 = -5*m - 5*s + 80, 3*m - s - 35 = 1. Suppose 2480 = 5*u + 4*y - 9*y, 4*y = -16. Let r = -349 + u. Calculate the greatest common divisor of r and m.
13
Let a(b) = 45*b**2 - 5*b + 5. Let y be a(2). Suppose -h + 76 = -39. Let q = h + -90. Calculate the highest common divisor of q and y.
25
Let h(k) = 4*k - 38. Let w be h(14). Let d = 2124 - 1170. What is the highest common divisor of d and w?
18
Let w(m) = -3*m**2 + 24*m - 15. Let y be w(11). Let c = 3 - y. Calculate the highest common factor of c and 13.
13
Let t = -10688 + 10941. What is the highest common factor of t and 115?
23
Suppose 43*p + 3*k = 40*p + 801, 18 = -3*k. Calculate the greatest common divisor of p and 923.
13
Let y be (-90)/(-21)*13090/220. Calculate the highest common factor of y and 1377.
51
Suppose -4 = 11*z - 15. Suppose 11*f - 13*f = -h - 79, -4*f + 5*h = -149. Calculate the highest common factor of z and f.
1
Let w(h) = -14*h + 3544. Let u be w(71). Calculate the highest common divisor of u and 17.
17
Let w be (-1)/(14 - 7 - 12 - 43870/(-8775)). Calculate the greatest common factor of 39 and w.
39
Let r(x) = 90*x + 3354. Let b be r(-37). Suppose 7*a - 54 = 4*a. What is the greatest common factor of b and a?
6
Let p(u) be the third derivative of u**5/60 + 17*u**4/24 - 41*u**3/3 - 50*u**2. Let h be p(5). Calculate the highest common factor of h and 476.
28
Suppose 0 = -3*i + 2*h + 2876, -17*h = -4*i - 19*h + 3844. Suppose -i = -4*v -